r of 177333040?
True
Is 37 a factor of 61854010?
True
Does 1658 divide 1176349342?
True
Is 578781549 a multiple of 20?
False
Is 11489660 a multiple of 65?
True
Is 226644143 a multiple of 11?
True
Does 11 divide 15594627?
False
Is 1436 a factor of 73547203?
False
Is 465018484 a multiple of 127?
False
Is 22938699 a multiple of 21?
True
Is 36 a factor of 35514778?
False
Does 117 divide 1416848916?
False
Does 12 divide 657852060?
True
Does 176 divide 11086768?
True
Is 957 a factor of 79912371?
True
Does 513 divide 3575720?
False
Does 2494 divide 95719720?
True
Does 37 divide 442048990?
True
Is 836539569 a multiple of 9?
True
Does 471 divide 87264525?
True
Is 88 a factor of 37843256?
True
Does 2117 divide 45843635?
True
Does 400 divide 26823200?
True
Is 910 a factor of 1297594480?
True
Is 50 a factor of 190865359?
False
Does 10 divide 626184258?
False
Is 14261165 a multiple of 2?
False
Is 1244 a factor of 108442093?
False
Is 372013027 a multiple of 67?
False
Is 460 a factor of 115516656?
False
Is 17932675 a multiple of 5?
True
Is 25 a factor of 1794480150?
True
Is 396710075 a multiple of 1799?
False
Is 2587775996 a multiple of 26?
True
Does 12165 divide 1384170195?
True
Is 245 a factor of 94584700?
True
Is 3589531 a multiple of 53?
True
Is 7626721 a multiple of 69?
False
Is 16 a factor of 537403936?
True
Is 208 a factor of 20479336?
False
Does 76 divide 37655901?
False
Does 176 divide 165266602?
False
Is 27030353 a multiple of 23?
False
Does 357 divide 256866426?
False
Is 647711321 a multiple of 25?
False
Does 246 divide 141076741?
False
Is 4304 a factor of 966235731?
False
Is 680378451 a multiple of 417?
True
Is 90412256 a multiple of 187?
True
Is 38680188 a multiple of 31?
True
Is 25 a factor of 85065455?
False
Is 13 a factor of 117388562?
False
Is 1707729696 a multiple of 17?
True
Is 1433536684 a multiple of 6508?
True
Is 14309280 a multiple of 480?
True
Does 3490 divide 149365020?
True
Does 45 divide 6748290?
True
Is 39 a factor of 4241523?
True
Is 990 a factor of 20690010?
True
Does 565 divide 93411852?
False
Does 102 divide 75071388?
True
Is 2163677020 a multiple of 121?
False
Does 2051 divide 24458175?
True
Does 724 divide 128234156?
True
Does 3 divide 46656795?
True
Is 2916 a factor of 4749223539?
False
Is 38620958 a multiple of 766?
False
Is 5420437244 a multiple of 5024?
False
Does 11 divide 1803648?
True
Does 12 divide 46231164?
True
Is 19 a factor of 31365200?
True
Does 19 divide 2351389?
False
Is 179804722 a multiple of 66?
False
Is 125 a factor of 112614827?
False
Is 162447743 a multiple of 58?
False
Is 221 a factor of 359289002?
False
Is 19003646 a multiple of 131?
True
Is 20 a factor of 3141163?
False
Is 48191161 a multiple of 2076?
False
Is 1859 a factor of 68590041?
False
Is 3550587 a multiple of 22?
False
Is 21 a factor of 685443200?
False
Does 19 divide 12988851?
False
Is 10 a factor of 14185830?
True
Is 168 a factor of 33917459?
False
Is 244885833 a multiple of 28?
False
Does 11 divide 11630147?
False
Is 61 a factor of 475548698?
False
Is 42599921 a multiple of 403?
True
Does 58 divide 61167439?
False
Is 9 a factor of 7580327?
False
Does 36 divide 59438700?
True
Is 1088 a factor of 84621132?
False
Is 25418197 a multiple of 7?
True
Does 35 divide 823270?
True
Is 10 a factor of 17032280?
True
Does 23 divide 78651145?
True
Does 575 divide 20253717?
False
Does 1780 divide 71245898?
False
Does 37 divide 54002388?
True
Does 431 divide 1598425887?
False
Does 1256 divide 37001760?
True
Is 1687006890 a multiple of 6?
True
Is 5514144375 a multiple of 11875?
True
Is 1328 a factor of 953641573?
False
Is 445946103 a multiple of 108?
False
Does 16 divide 47125152?
True
Is 109401641 a multiple of 3780?
False
Does 269 divide 8738196?
True
Is 251532269 a multiple of 4?
False
Is 9974104 a multiple of 136?
True
Is 1517876341 a multiple of 22?
False
Does 7 divide 618476976?
False
Is 3320277 a multiple of 5?
False
Does 10 divide 732486690?
True
Is 2908112060 a multiple of 3583?
False
Is 10 a factor of 32314530?
True
Does 35 divide 362190668?
False
Is 627043118 a multiple of 1620?
False
Is 247 a factor of 88978292?
True
Is 54 a factor of 103413834?
True
Is 259996766 a multiple of 2?
True
Does 2492 divide 2105251568?
True
Is 148835484 a multiple of 966?
True
Does 624 divide 73027968?
True
Does 19 divide 3973926?
True
Does 61 divide 29716882?
True
Is 255405596 a multiple of 4?
True
Is 165756037 a multiple of 928?
False
Is 93 a factor of 174978384?
True
Is 6 a factor of 25173343?
False
Is 7 a factor of 16335893?
True
Is 161383455 a multiple of 488?
False
Is 12 a factor of 61731023?
False
Does 50 divide 7922481?
False
Is 274 a factor of 25032914?
True
Is 1192 a factor of 8677760?
True
Is 11 a factor of 77278362?
False
Does 4137 divide 112480893?
True
Is 397746450 a multiple of 135?
True
Is 61951425 a multiple of 7?
False
Is 2549251830 a multiple of 2105?
True
Is 211140807 a multiple of 1445?
False
Does 168 divide 710145144?
False
Is 6107992927 a multiple of 25?
False
Is 1018 a factor of 45897548?
True
Does 24 divide 881964681?
False
Is 30 a factor of 26768400?
True
Is 2354851422 a multiple of 9?
True
Is 4028 a factor of 790800540?
False
Is 55 a factor of 2016342075?
True
Does 26 divide 18863817?
False
Is 73263843 a multiple of 1063?
False
Is 12 a factor of 1256528364?
True
Is 377 a factor of 380348797?
False
Is 22765358 a multiple of 3?
False
Is 2246491 a multiple of 80?
False
Is 6 a factor of 1856798?
False
Does 55 divide 46278711?
False
Is 275 a factor of 2318738603?
False
Is 65 a factor of 86674585?
False
Is 24744075 a multiple of 1795?
True
Does 4 divide 28875273?
False
Is 100692746 a multiple of 539?
True
Is 226897442 a multiple of 4?
False
Is 13144715 a multiple of 108?
False
Does 38 divide 1516711024?
True
Is 2 a factor of 86174290?
True
Does 5 divide 107266068?
False
Is 4143152542 a multiple of 59?
False
Is 10 a factor of 9704930?
True
Is 3717542 a multiple of 6?
False
Is 2314 a factor of 466162242?
True
Does 367 divide 433277631?
True
Is 11 a factor of 146160885?
False
Does 61 divide 109015967?
True
Is 6526 a factor of 1744900732?
False
Is 5 a factor of 17002307?
False
Is 149 a factor of 185315472?
True
Does 19 divide 27723337?
True
Is 208 a factor of 61063692?
False
Is 129629895 a multiple of 2918?
False
Is 11 a factor of 160668486?
True
Does 619 divide 6273644512?
False
Does 8 divide 126465883?
False
Does 855 divide 61905420?
True
Is 10 a factor of 1046091460?
True
Does 22 divide 39816511?
False
Is 13 a factor of 36864711?
True
Is 89 a factor of 36672694?
False
Is 252366096 a multiple of 2037?
False
Is 591424848 a multiple of 108?
True
Does 140 divide 524905780?
True
Is 259513549 a multiple of 103?
False
Is 135969040 a multiple of 2360?
True
Is 70 a factor of 106602860?
True
Is 1450 a factor of 40694250?
True
Is 216 a factor of 226243598?
False
Does 13 divide 1396171049?
True
Is 620626068 a multiple of 124?
False
Is 17297875 a multiple of 29?
False
Does 17 divide 79103278?
True
Does 78 divide 221917098?
True
Is 5 a factor of 17252495?
True
Is 143614030 a multiple of 14?
True
Does 467 divide 886730451?
False
Does 8 divide 7742968?
True
Does 537 divide 97819213?
False
Does 518 divide 297656786?
True
Does 107 divide 9248532?
False
Is 38746505 a multiple of 1270?
False
Does 5807 divide 216395586?
False
Does 341 divide 871433040?
False
Does 4 divide 259592313?
False
Is 440 a factor of 1369132756?
False
Is 662 a factor of 39714042?
True
Is 3697 a factor of 367751681?
True
Does 37 divide 160227834?
True
Does 800 divide 162269060?
False
Is 9 a factor of 494479197?
True
Is 558 a factor of 37285002?
True
Is 8 a factor of 318985011?
False
Does 26 divide 8832180?
False
Is 25237011 a multiple of 31?
False
Is 186893854 a multiple of 14?
True
Is 139 a factor of 189874216?
False
Is 738217569 a multiple of 76?
False
Does 101 divide 1622490664?
True
Is 41782944 a multiple of 21?
True
Is 6 a factor of 37837714?
False
Is 1099 a factor of 1836171449?
False
Is 72 a factor of 28963296?
True
Is 367299580 a multiple of 3285?
False
Is 57 a factor of 30434865?
True
Is 21423230 a multiple of 17?
True
Is 12 a factor of 1489552368?
True
Does 678 divide 250670838?
True
Does 20 divide 596947480?
True
Is 72027956 a multiple of 8064?
False
Is 15055 a factor of 4540773218